et t be 100 - (1 - (4 + 1)). Let j = 304 - t. Suppose 2*v = 5*b - 343, -2*v = -4*b + 76 + j. What are the prime factors of b?
67
Let m(w) = -w**3 + 9*w**2 - 105*w - 8. What are the prime factors of m(-13)?
5, 7, 29
Let r be -5 + (-216)/(-10) + (-6)/10. Suppose 3585 = r*v - 2399. List the prime factors of v.
2, 11, 17
Suppose 3*a + 3*v = 112590, 0 = -4*a - 18*v + 19*v + 150085. List the prime factors of a.
157, 239
Let j = -202 + 141. Let g = j - -38. Let n = 10 - g. List the prime factors of n.
3, 11
Let d(h) = 213*h + 4675. List the prime factors of d(58).
17029
Let g(p) = -2*p**2 + 19*p - 7. Let s(z) = 2*z**2 - 4*z + 3. Let t be s(3). Let q be g(t). Suppose -q*c + c + 88 = 0. What are the prime factors of c?
2, 11
Let j(o) = o**2 - 5*o - 3. Let b be j(6). Let x(z) = 29 + 3*z - z - 3*z + b*z. What are the prime factors of x(0)?
29
Suppose 39*g - 15*g + 13*g = 708994. List the prime factors of g.
2, 11, 13, 67
List the prime factors of (69 + -111)/((-5)/(-17920)*-3).
2, 7
Let l(w) be the third derivative of 20*w**2 - 1/8*w**4 + 0*w + 0 + 5/6*w**3. What are the prime factors of l(-11)?
2, 19
Suppose -225150 - 118479 = -39*j. What are the prime factors of j?
3, 11, 89
Let w = 20 + -18. Let i(z) = -2*z**2 - 4*z**w - z**3 + 9*z**2 + 7*z**2 + 22*z + 12. What are the prime factors of i(11)?
7, 19
Suppose 2*a - 36852 = -5*m, 353*m + 3*a - 36848 = 348*m. What are the prime factors of m?
2, 19, 97
Let i(r) = -82 - 21 - 35 + 79*r. List the prime factors of i(7).
5, 83
Suppose -3*y + 2 + 1 = 0, 2*b - y + 533 = 0. What are the prime factors of b/(-2) - (-2 - -2)/(-2)?
7, 19
Let u = 91 - 85. Let g be (-1)/2 - (-2 + u/(-12)). Suppose 0 = -h + g*x + 82, -3*h - 9*x = -4*x - 191. What are the prime factors of h?
2, 3
Suppose -2*s = -60 - 12. Let w = -32 + s. Suppose -321 = w*r - 829. What are the prime factors of r?
127
Let j(k) = -k**2 + 8*k - 8. Let n be j(6). Let c = -12 + 12. Suppose x - n*x + 165 = c. What are the prime factors of x?
5, 11
Let o(i) = -61*i**3 - 25*i - 62. List the prime factors of o(-5).
2, 31
What are the prime factors of 7 + (-2)/((12/(-18))/(5303/3))?
2, 3, 5, 59
Suppose -2*p + 6*p + y = 453, 5*p + 2*y - 567 = 0. Suppose -571 = -4*v - 5*f + p, 0 = v - 5*f - 146. What are the prime factors of v?
2, 83
Suppose 5*k - 55265 = 1538*l - 1541*l, 0 = 5*l - 3*k - 92097. List the prime factors of l.
2, 3, 5, 307
Let d(s) = -2*s - 6 + 8*s - s + 0*s. Let y be d(-7). Let v = y + 215. List the prime factors of v.
2, 3, 29
Let l(j) = 5*j - 10. Let x be l(4). Suppose -i = 1 + 4, 2*w = -2*i - x. What are the prime factors of (5 + 22)*(w - -3)?
3
Suppose -2*u - j = -14, -2*u = 4*j - j - 18. Suppose 8*v - 4 = u*v. Suppose 1 = v*a - 19. List the prime factors of a.
2, 5
Suppose -1101 = -c + 552. Let y = c + -959. List the prime factors of y.
2, 347
Let f(m) = 60*m**2 - 13*m - 144. Let v be f(-12). List the prime factors of (v/140)/(1/10) + 0.
2, 3, 103
Suppose 10*x - 3*x = 35. Suppose -36*y + 2*q + 403 = -33*y, 0 = 5*q - x. What are the prime factors of y?
3, 5
Let o(j) = 2*j**3 + 30*j**2 - 36*j - 221. List the prime factors of o(30).
79699
Let g(c) = 129*c**2 + 23*c + 60. What are the prime factors of g(-6)?
2, 3, 761
Let v(y) be the second derivative of 2*y**4/3 + 41*y**3/6 + 3*y**2 + 4*y - 2. What are the prime factors of v(-10)?
2, 3, 11
Suppose i = -3*c - 154, 3*c + i = -i - 152. Let u be 95/(-4) + 13/c. Let y = u + 208. List the prime factors of y.
2, 23
Let s = 992 - 827. What are the prime factors of (-55)/s*(-6180 - 0)?
2, 5, 103
Suppose -114554 = -20*y + 28206. List the prime factors of y.
2, 43, 83
Let y = -160 - -168. Suppose 2835 = y*p + p. List the prime factors of p.
3, 5, 7
Let q(u) = 4*u**3 + 19*u**2 - 4*u + 7. Let j be q(-5). Suppose 0 = -j*v - 3*g + 8*g + 3044, 2*v + 2*g = 3072. List the prime factors of v.
2, 383
Suppose 33755 = 2*o - v, 3*o - 69*v - 50633 = -68*v. What are the prime factors of o?
2, 3, 29, 97
Let v = -3 - 15. List the prime factors of (v + 0)*(-1)/3.
2, 3
Let s(x) = -2*x**2 + 7*x - 4. Let z(v) = -v**2 + 1. Let m(a) = -s(a) - 6*z(a). Let w(c) be the first derivative of m(c). List the prime factors of w(5).
73
Let o(z) = 19*z**2 - 8*z - 32. Let a be o(26). Suppose 28*f - a = 5*f. What are the prime factors of f?
2, 137
Let f be 180/(-60) - (-2)/(2/1705). List the prime factors of (0 + (-7)/(-14))*f.
23, 37
Let c(i) = 2*i**2 - 8*i - 18. Let k be c(-2). Suppose 362 = k*s - 736. What are the prime factors of s?
3, 61
Let r(l) = 137*l**3 - 5*l + 30. List the prime factors of r(5).
2, 3, 5, 571
Let b(m) = -48*m**2 + 50*m**2 + m**3 - 24*m**2 + 2*m + 10. What are the prime factors of b(23)?
3, 5, 13
Suppose 3*l - 3 = 6*l, 3*l = y - 6. Suppose -y*p - 155 = -4*m + 113, 5*m - 3*p = 332. List the prime factors of m.
2
Suppose 0 = 2*b + 3*k + 44, -3*k = -7*b + 3*b - 124. What are the prime factors of 6/8 - (-11 + 13419/b)?
491
Let a(o) = 3*o - 10. Let p be a(5). Suppose 5*w = -2*r - 328, 2*w = 1 - p. Let v = -72 - r. What are the prime factors of v?
3, 29
Let i(d) = 22*d**3 - 11*d**2 + 26*d - 154. What are the prime factors of i(6)?
2, 2179
List the prime factors of (7 + (-50635)/(-26))*80/15.
2, 1303
Let u(g) be the first derivative of 281*g**3/3 + 4*g**2 + 8*g - 57. List the prime factors of u(-1).
281
Suppose 4*r = r + 3*o - 21, 3*o = -r + 5. Let c = r - -154. List the prime factors of c.
2, 3, 5
What are the prime factors of 150/(-35) + 4 - (-5 + (-145226)/14)?
2, 5189
Let d be (-1)/(-3)*45/(-20)*-4. Let g(l) = 4*l**3 + 3*l**2 + 4*l - 3. What are the prime factors of g(d)?
2, 3
Let p(o) = o**2 + 4*o + 4. Let s be p(-4). Suppose -5 = q, -76 = -h - s*q + 461. List the prime factors of h.
557
Suppose 14*d - 524990 = -188626. What are the prime factors of d?
2, 41, 293
Let s = 5660 - 5239. What are the prime factors of s?
421
Suppose -7*l + 9*l = m - 30953, -3*l - 123852 = -4*m. List the prime factors of m.
3, 31, 37
Suppose 3*i + 612 = v, -8*i + 5*i - 2*v = 612. Let f = 1046 - i. List the prime factors of f.
2, 5
Let q(f) = 17*f**2 + f + 3. Suppose 3*a - 9 = 2*a - 2*l, 3*l = -15. Suppose 3*g + 3*p + 2*p = a, -5*g - p - 5 = 0. What are the prime factors of q(g)?
3, 23
Suppose 2*r + 4 = -m, -r + m = 4*r - 4. Suppose 3*y + 0*w + w - 985 = r, -3*y = 3*w - 987. What are the prime factors of y?
2, 41
Let g(t) = 11*t**2 - 2*t. Let b be g(-2). Let n(i) = -7 - 71*i - 2 + b*i + 33*i. What are the prime factors of n(9)?
3
Suppose -4*y + 5*y + 2*b = 3109, 0 = -4*y + 2*b + 12396. Suppose 4*z - 2340 = -5*n + 2831, -3*n = 4*z - y. What are the prime factors of n?
3, 5, 23
Suppose -6*b - 15 = -9*b. Suppose 5 = a - 0, 0 = -b*n + 4*a + 1515. Suppose 5*s = r + 503, -4*s + n = -s + 2*r. List the prime factors of s.
101
Let t(g) = g - 5. Let n be (-4)/42 - (-2210)/273. Let w be t(n). Suppose -5*m = -w - 17. List the prime factors of m.
2
Let p(n) = n**3 - 5*n**2 - 24*n + 42. Let o be p(11). Let m = 528 - o. List the prime factors of m.
2, 3
Suppose 0 = 78*j - 43*j - 233415. List the prime factors of j.
3, 13, 19
Let x = -492 - -509. Suppose 19*h - x*h = 2*k + 180, -438 = -5*h - k. List the prime factors of h.
2, 11
Let a = -198 - -203. Suppose 0 = 5*q - 3*t + 2*t - 1474, 0 = -4*q + a*t + 1196. List the prime factors of q.
2, 3, 7
Let f = 48 - -259. Suppose 302*h + 80 = f*h. List the prime factors of h.
2
Let q = 13742 + -9420. What are the prime factors of q?
2, 2161
Let t = -20 + 19. List the prime factors of 3706/(-102)*3*t.
109
Let w = -36 + 38. Suppose 8 = 2*q - w. Suppose q*n + 11 = 111. List the prime factors of n.
2, 5
List the prime factors of -1*167746/(-6) - (-5034)/(-7551).
3, 9319
Suppose 601521 = -167*m + 60*m + 4197149. What are the prime factors of m?
2, 31, 271
Suppose -2*n + 165 = -3*n. Suppose 4*c + 5*s - 1036 = 0, -c + s = 5*s - 259. Let p = c + n. What are the prime factors of p?
2, 47
Suppose -30482 = -133*o + 131*o + 2*g, 2*g = -3*o + 45698. List the prime factors of o.
2, 13, 293
Let v = -55 - -75. Let w be (-10)/(-4)*(48 - v/(-5)). Let p = w - -68. List the prime factors of p.
2, 3, 11
Suppose 2*b - 4*b = -200. Let k = b + -91. List the prime factors of 24/k*(-99)/(-2).
2, 3, 11
Suppose 3*b - 22882 = -14*b. Suppose -r + b = 4*q, -197 - 130 = -q - 5*r. List the prime factors of q.
337
Suppose -6 = -58*o + 56*o. What are the